to base 4.
2
What is -10101010 (base 2) in base 6?
-442
Convert 11a (base 13) to base 7.
363
Convert -14 (base 14) to base 7.
-24
111 (base 3) to base 7
16
What is 3 (base 11) in base 5?
3
Convert -10 (base 9) to base 10.
-9
11 (base 14) to base 16
f
Convert -a (base 11) to base 2.
-1010
234 (base 8) to base 15
a6
-12101 (base 3) to base 11
-122
-1 (base 3) to base 12
-1
1212 (base 3) to base 10
50
What is 239 (base 10) in base 16?
ef
-3 (base 8) to base 16
-3
-203 (base 4) to base 12
-2b
What is 3 (base 10) in base 3?
10
What is -101001 (base 2) in base 6?
-105
What is 21 (base 11) in base 16?
17
-5 (base 12) to base 14
-5
Convert 0 (base 10) to base 3.
0
Convert -2 (base 12) to base 9.
-2
-3 (base 9) to base 15
-3
-5 (base 6) to base 4
-11
Convert -110 (base 10) to base 9.
-132
What is 12 (base 11) in base 2?
1101
Convert -c (base 15) to base 12.
-10
Convert 4a (base 11) to base 10.
54
What is -112 (base 4) in base 14?
-18
Convert f (base 16) to base 15.
10
1000 (base 3) to base 10
27
Convert -22 (base 8) to base 16.
-12
Convert -32 (base 8) to base 12.
-22
What is -21 (base 4) in base 3?
-100
Convert -11110 (base 3) to base 15.
-80
What is 3 (base 15) in base 4?
3
What is 132 (base 5) in base 2?
101010
Convert -22 (base 8) to base 10.
-18
Convert 12012 (base 3) to base 13.
aa
What is 74 (base 13) in base 11?
87
Convert -16 (base 9) to base 13.
-12
Convert -6 (base 15) to base 9.
-6
2 (base 13) to base 2
10
3 (base 6) to base 11
3
3 (base 9) to base 15
3
What is -1 (base 4) in base 3?
-1
-5 (base 8) to base 6
-5
1 (base 12) to base 13
1
What is -53 (base 12) in base 10?
-63
What is -12 (base 8) in base 16?
-a
-34 (base 12) to base 16
-28
What is 64 (base 12) in base 5?
301
What is 10111 (base 2) in base 11?
21
410 (base 8) to base 16
108
What is -1 (base 16) in base 7?
-1
-4 (base 12) to base 2
-100
Convert -14 (base 7) to base 16.
-b
What is 38 (base 12) in base 7?
62
Convert 31 (base 4) to base 6.
21
-100 (base 2) to base 11
-4
Convert -203 (base 6) to base 16.
-4b
What is -291 (base 10) in base 9?
-353
Convert 0 (base 4) to base 11.
0
What is -1 (base 8) in base 12?
-1
What is -105 (base 6) in base 14?
-2d
What is -13 (base 7) in base 14?
-a
Convert -10 (base 15) to base 8.
-17
200 (base 4) to base 16
20
What is 2 (base 16) in base 14?
2
What is 27 (base 15) in base 11?
34
-20 (base 7) to base 14
-10
-4 (base 13) to base 5
-4
84 (base 12) to base 16
64
320 (base 11) to base 10
385
-62 (base 9) to base 14
-40
Convert -201 (base 3) to base 12.
-17
-1000 (base 2) to base 7
-11
What is 81 (base 9) in base 3?
2201
Convert -7 (base 12) to base 7.
-10
Convert -3 (base 10) to base 8.
-3
2 (base 4) to base 2
10
What is -3 (base 5) in base 6?
-3
What is 6 (base 15) in base 14?
6
Convert -320 (base 5) to base 15.
-5a
100 (base 2) to base 9
4
What is -41 (base 8) in base 16?
-21
What is -8 (base 16) in base 4?
-20
67 (base 10) to base 14
4b
What is 1 (base 9) in base 11?
1
Convert -1f (base 16) to base 5.
-111
What is 2 (base 11) in base 3?
2
What is 0 (base 13) in base 15?
0
-5 (base 10) to base 8
-5
Convert -a7 (base 15) to base 6.
-421
-27 (base 11) to base 9
-32
What is 2 (base 10) in base 16?
2
What is 6 (base 12) in base 15?
6
Convert -2 (base 10) to base 13.
-2
What is -202 (base 7) in base 16?
-64
Convert -2 (base 7) to base 13.
-2
Convert -20 (base 5) to base 8.
-12
Convert -5 (base 6) to base 13.
-5
What is 314 (base 9) in base 14?
144
What is -10 (base 2) in base 11?
-2
Convert 1000 (base 2) to base 4.
20
What is d7 (base 14) in base 4?
2331
Convert -25 (base 9) to base 6.
-35
What is -3 (base 12) in base 2?
-11
What is 4 (base 11) in base 7?
4
What is -19 (base 16) in base 9?
-27
Convert -78 (base 15) to base 5.
-423
25 (base 11) to base 15
1c
Convert -13 (base 5) to base 10.
-8
-10 (base 13) to base 4
-31
-21 (base 15) to base 12
-27
Convert -210 (base 6) to base 10.
-78
What is -10110 (base 3) in base 6?
-233
What is 11 (base 4) in base 10?
5
Convert 3 (base 7) to base 14.
3
Convert -6 (base 7) to base 11.
-6
Convert 3 (base 14) to base 15.
3
What is -6 (base 10) in base 9?
-6
Convert 1 (base 9) to base 12.
1
What is 1 (base 3) in base 5?
1
What is -e (base 16) in base 14?
-10
What is 1 (base 11) in base 3?
1
What is 6 (base 13) in base 6?
10
4 (base 11) to base 8
4
377 (base 9) to base 11
265
Convert 0 (base 2) to base 10.
0
-21 (base 9) to base 11
-18
What is 5 (base 12) in base 4?
11
Convert 0 (base 9) to base 16.
0
What is 11 (base 9) in base 13?
a
What is -8 (base 15) in base 8?
-10
Convert -3b (base 16) to base 13.
-47
Convert -32 (base 6) to base 3.
-202
21 (base 13) to base 14
1d
Convert -2 (base 4) to base 3.
-2
-3 (base 14) to base 12
-3
-311 (base 4) to base 7
-104
Convert -2 (base 10) to base 8.
-2
Convert -11 (base 2) to base 4.
-3
11000 (base 2) to base 15
19
What is -10 (base 3) in base 9?
-3
Convert 25 (base 6) to base 3.
122
What is 11 (base 7) in base 16?
8
-142 (base 8) to base 4
-1202
What is -1 (base 13) in base 15?
-1
What is -14 (base 9) in base 15?
-d
-10011 (base 2) to base 10
-19
-15 (base 6) to base 3
-102
What is -2 (base 14) in base 12?
-2
1 (base 4) to base 5
1
What is -3 (base 7) in base 6?
-3
Convert -10 (base 5) to base 15.
-5
-4 (base 16) to base 3
-11
0 (base 13) to base 11
0
What is 1022 (base 3) in base 8?
43
What is a (base 15) in base 16?
a
-18 (base 11) to base 7
-25
What is -11 (base 14) in base 11?
-14
What is -14 (base 5) in base 13?
-9
What is -12 (base 11) in base 5?
-23
What is 12 (base 5) in base 16?
7
What is -20 (base 12) in base 6?
-40
Convert b (base 16) to base 11.
10
Convert 1231 (base 5) to base 3.
21002
Convert -6 (base 16) to base 9.
-6
What is -14 (base 10) in base 6?
-22
Convert 1b (base 12) to base 4.
113
Convert 23 (base 9) to base 13.
18
113 (base 6) to base 7
63
Convert 5 (base 15) to base 7.
5
Convert -210 (base 4) to base 7.
-51
d (base 14) to base 15
d
What is 124 (base 8) in base 7?
150
What is -133 (base 4) in base 11?
-29
What is -13 (base 12) in base 2?
-1111
What is 3 (base 8) in base 12?
3
What is -12 (base 11) in base 16?
-d
-22 (base 8) to base 4
-102
What is 153 (base 12) in base 5?
1312
What is -1 (base 10) in base 15?
-1
Convert -3 (base 14) to base 5.
-3
What is 1a (base 12) in base 3?
211
What is 1112 (base 4) in base 2?
1010110
Convert -63 (base 7) to base 2.
-101101
61 (base 11) to base 16
43
Convert -1011 (base 2) to base 11.
-10
Convert -2 (base 5) to base 8.
-2
What is -343 (base 5) in base 2?
-1100010
-16 (base 11) to base 3
-122
317 (base 9) to base 3
100121
Convert -131 (base 11) to base 3.
-12202
Convert 32 (base 11) to base 10.
35
176 (base 10) to base 8
260
What is 0 (base 11) in base 5?
0
202 (base 4) to base 9
37
Convert 1220 (base 3) to base 13.
3c
Convert 2 (base 6) to base 7.
2
212 (base 5) to base 11
52
-a (base 15) to base 10
-10
Convert -10 (base 6) to base 10.
-6
What is 21 (base 15) in base 3?
1011
21 (base 12) to base 8
31
Convert 55 (base 16) to base 15.
5a
0 (base 11) to base 2
0
0 (base 10) to base 11
0
What is -3a (base 12) in base 6?
-114
23 (base 4) to base 7
14
Convert -51 (base 16) to base 4.
-1101
Convert -7 (base 12) to base 7.
-10
Convert -264 (base 7) to base 13.
-b1
What is 330 (base 4) in base 16?
3c
Convert 9 (base 14) to base 13.
9
Convert -1a (base 15) to base 12.
-21
Convert -1 (base 12) to base 7.
-1
What is -10101 (base 2) in base 8?
-25
Convert 11 (base 3) to base 14.
4
-51 (base 10) to base 13
-3c
What is -67 (base 12) in base 16?
-4f
What is 23 (base 4) in base 15?
b
What is 13 (base 6) in base 3?
100
Convert 12 (base 5) to base 2.
111
What is -5 (base 10) in base 11?
-5
Convert -1 (base 5) to base 2.
-1
What is -100101 (base 2) in base 10?
-37
What is 11 (base 6) in base 9?
7
Convert -b (base 13) to base 16.
-b
5 (base 6) to base 5
10
What is -55 (base 7) in base 10?
-40
-3 (base 16) to base 6
-3
What is -130 (base 4) in base 10?
-28
-11001000 (base 2) to base 7
-404
-546 (base 7) to base 5
-2104
8 (base 11) to base 4
20
What is -41 (base 7) in base 6?
-45
Convert -18 (base 11) to base 9.
-21
Convert -4 (base 6) to base 4.
-10
Convert 10 (base 3) to base 5.
3
What is 10 (base 8) in base 16?
8
6 (base 12) to base 3
20
What is 33 (base 7) in base 2?
11000
What is 9a (base 13) in base 6?
331
Convert 7 (base 10) t